 greatest common divisor of s and 35.
7
Let a = 12 + -7. Suppose -a*p = -h - 16, 8*p - 3*p + 20 = 5*h. What is the highest common divisor of h and 9?
9
Let y = 0 + 26. What is the greatest common divisor of 208 and y?
26
Let o = 42 - 35. Calculate the highest common factor of o and 21.
7
Let r be ((-45)/6)/(-5)*2. Let b be 2/5 + (-44)/10. Let q be b/6*(-2 + -1). What is the highest common factor of r and q?
1
Suppose 5*q - 32 = -7. Suppose 2*n = -4*s + 534, 5*n + s - 1349 = q*s. Suppose n = 2*r - 109. What is the greatest common divisor of r and 21?
21
Let u be 84*(24/9 - 2). Let x = -1 - -7. Let g(f) = -f**2 + 8*f + 2. Let b be g(x). What is the highest common divisor of u and b?
14
Suppose -2*b + 4*q - 10 = 0, -4*b - 4*q = q - 19. Let z be 7 - (b + -2 + 3). Calculate the greatest common divisor of z and 20.
5
Suppose 58 - 11 = 2*z - 3*m, 0 = 4*z - 3*m - 91. What is the greatest common factor of z and 66?
22
Let k(r) = -r**3 + 8*r**2 - 8*r + 10. Let i be k(7). Let j(f) = 5*f - 2. Let h be j(1). Calculate the highest common divisor of h and i.
3
Let p be 6/((-4)/((-8)/3)). Let u = -37 + 47. Calculate the greatest common factor of u and p.
2
Suppose 0 = -69*i + 68*i + 48. What is the highest common divisor of i and 32?
16
Suppose -2*y - s + 17 = 0, -y - 4*s + 7*s + 12 = 0. What is the greatest common factor of y and 72?
9
Let z = 24 + 2. What is the highest common divisor of z and 39?
13
Let w be (-2)/(-4) + 8/16. Calculate the highest common factor of 1 and w.
1
Let k be 4/10*(1 - -129). Suppose -u + 192 = k. Calculate the highest common divisor of 20 and u.
20
Suppose 3*m = 6 + 6. Suppose 0 = 2*y - 3*y + p + m, -4*y = -5*p - 14. Let d be 4 + (1 - (-1 - 0)). Calculate the highest common divisor of d and y.
6
Let x(z) = -3*z - 9. Let m(r) = r + 1. Let s(v) = -6*m(v) - x(v). Let w be (-2)/(-4)*-10 - -2. Let p be s(w). What is the greatest common factor of p and 12?
12
Let l(a) = 9*a - 4. Let n be l(2). Let w = n + -6. Calculate the highest common divisor of 20 and w.
4
Suppose 9 = 3*s, -s - 23 = -5*z + 3*s. What is the greatest common factor of z and 77?
7
Let z be (-2)/3 - (-29)/3. Let q be 10/6 + 4/(-6). Let v be (18/(-1))/(q/(-1)). What is the highest common divisor of z and v?
9
Let k(b) = -b**2 + 8*b + 3. Let s(q) = q**2 + 9*q + 15. Let g be s(-8). Let u be k(g). Calculate the greatest common factor of 10 and u.
10
Suppose -1 = -x + 4. Suppose 4*l + 12 = 4*m - 40, -l = -2*m + 28. What is the highest common factor of m and x?
5
Let i(u) = u**2 + 4*u + 6. Let y be i(-6). What is the greatest common factor of y and 54?
18
Let l(g) = 4*g**2 - g - 1. Let z be l(-1). Let w be (1/(-2) + 2)/((-18)/(-240)). Calculate the greatest common factor of z and w.
4
Let c = -2 - -3. Let p be ((-8)/(-10))/(c/15). Let z(o) = 60*o. Let f be z(1). Calculate the highest common factor of f and p.
12
Let m be 6/(-2 - 16/(-6)). Suppose -5 = 5*i + 5*y + 10, -3*i - 4*y - m = 0. Let r be (-2)/(-2)*i/(-1). Calculate the highest common factor of 1 and r.
1
Suppose o + 2 = -3*k - 2, 8 = -2*o. Let w(j) = j + 14. Let b be w(k). What is the highest common divisor of b and 56?
14
Let s be (-156)/(-4)*3 - -2. What is the highest common factor of s and 17?
17
Suppose h - 2 = 4. Suppose -3*g + 6 = -0. Suppose -g*x = -2*z + 7*z + 7, -5*z = -5*x + 35. What is the highest common divisor of x and h?
2
Suppose -4*j = -5*u + 4, -32 = -3*u - 6*j + j. Calculate the highest common factor of 4 and u.
4
Let m(t) = -t**2 + 26*t + 6. Let j be m(18). What is the highest common factor of 25 and j?
25
Suppose 2*y - 96 - 142 = 0. What is the greatest common divisor of y and 17?
17
Suppose -5*d = -4*d - 24. Calculate the greatest common factor of 168 and d.
24
Suppose u - i - 5 = -u, 0 = u + 2*i - 10. Suppose -10 = -3*x - c, 4*x = 2*c - u*c + 12. Suppose 5*g - 27 = 3. What is the highest common factor of g and x?
2
Suppose 4*v - 39 = 17. Calculate the highest common factor of 154 and v.
14
Suppose 0 = -3*q + 4*x + 27, 0 = 4*q + 2*x - 14. Suppose -q*j = -2*j, -5*j + 40 = 2*v. Calculate the highest common divisor of v and 50.
10
Suppose -5*j = 2*k - 10*j - 102, 45 = k - 4*j. Let u = k - 37. What is the highest common factor of u and 16?
8
Let h(s) = s**3 + 4*s**2 - 2*s + 1. Let b be h(-4). Let a = 19 - b. Suppose n - 16 = -3*g, g - 6 - 10 = -3*n. Calculate the highest common factor of a and n.
2
Suppose -8 = -3*a + 4*u + 16, 4*a + 5*u - 63 = 0. Let i = 18 - a. Suppose 0*w + o + 107 = 2*w, w = 4*o + 50. Calculate the highest common divisor of i and w.
6
Suppose -x + 3*k = -6, 6*k = -4*x + 7*k + 79. Suppose -2*j = -3*j. Suppose -n + 7 = -j*n. Calculate the highest common divisor of x and n.
7
Let i = 52 + -43. Calculate the highest common factor of 6 and i.
3
Let n be (5/(-3))/(7/(-21)). Suppose -n*o = -2*h - 65, -4*o - 3*h = 2*h - 19. Let g be 42 + 1 - (-1)/1. What is the greatest common factor of o and g?
11
Let a = 22 - -58. Calculate the highest common divisor of a and 40.
40
Let k(p) = p - 8. Let o(q) = -q + 8. Let s(v) = -6*k(v) - 5*o(v). Let u be s(7). What is the highest common divisor of u and 6?
1
Suppose -90 = -6*q + 4*q. What is the highest common divisor of 15 and q?
15
Let c be 1 + (-2)/(-2 + 4). Suppose -i + 3 + 45 = c. Suppose -43 = -h + i. What is the greatest common factor of h and 13?
13
Let v(a) = 10*a. Let l be v(2). Let s be 46/6 - (-4)/(-6). Suppose 0 = -2*g + s*g - 50. Calculate the greatest common factor of g and l.
10
Let n = 19 - -4. Let j be n/7 + (-4)/14. Suppose -m - j*m = 4*z - 244, -3*m - z + 173 = 0. What is the greatest common factor of m and 8?
8
Let t be 2*((-3)/(-2) - 0). Let w(q) = 2 - 6*q**2 - q - t - q**3 + 3. Let c be w(-6). Calculate the greatest common divisor of c and 4.
4
Let c(d) = d**2 + 5*d + 6. Let v be c(-3). Let u = -56 - -108. Suppose v*l + b - u = -l, 3*b = -4*l + 211. What is the highest common divisor of 5 and l?
5
Let j = -80 + 180. Suppose 14 = 4*h + 2*r, 2*h - 4*r + 0*r - 12 = 0. Suppose -b = -h*b + 60. Calculate the greatest common divisor of b and j.
20
Suppose -g = -241 + 157. What is the greatest common factor of g and 21?
21
Let n be 15*3/(-27)*-3. What is the highest common divisor of n and 20?
5
Suppose -3*u + 137 = -160. Suppose -27 - 9 = 4*d. Let a be (-2 + 2 + -1)*d. What is the greatest common divisor of u and a?
9
Suppose -2 = j - 2*j. Suppose 0*u + 5*k + 215 = j*u, -5*k - 515 = -5*u. Let v(d) = 3*d + 5. Let h be v(5). Calculate the highest common divisor of h and u.
20
Suppose 10*x - 318 = 4*x. Calculate the greatest common factor of x and 53.
53
Let k(r) = -3*r**3 - 2*r**2 + r + 2. Suppose 2*y + 4 + 0 = 0. Let a be k(y). Calculate the greatest common divisor of 80 and a.
16
Let y = -16 + 18. Calculate the highest common divisor of y and 4.
2
Let v(z) = -5*z - 5. Let l be v(-8). Suppose -y = -0*y + 3*d - l, 36 = y + 4*d. What is the highest common divisor of 48 and y?
16
Let v be 2/(-14) - 64/(-7). Let w be (-2 - (-5)/2)*0. Let h be w + (-2)/2 + 10. Calculate the highest common factor of v and h.
9
Suppose -4*k + 4*c + 91 + 193 = 0, 69 = k - 2*c. Suppose 3 = -2*n + k. Calculate the highest common divisor of n and 14.
7
Let s(b) = 4*b**3 + b**2 - 2*b + 1. Let t be s(1). Let c = t + 4. Calculate the highest common divisor of c and 8.
8
Let c(f) be the second derivative of f**4/4 + 7*f**3/6 + 2*f**2 + 5*f. Let b be c(-4). What is the highest common factor of 3 and b?
3
Let b(a) = -2*a + 6. Let i be b(2). What is the highest common factor of 22 and i?
2
Let l be 0/(-1) - 1*-14. Suppose 0 = 3*n - 21 + 3. Let d = 41 - n. What is the greatest common factor of l and d?
7
Let a = -22 - -14. Let u = a + 17. Calculate the greatest common factor of 9 and u.
9
Suppose -2*t + 5*h + 77 = -0*t, 4*t - 118 = -2*h. Suppose -2*d = -t - 25. Calculate the highest common divisor of d and 4.
4
Let o be 20/(-8)*2*1. Let g(p) = p**3 + 6*p**2 + p + 7. Let u be g(o). What is the greatest common divisor of 3 and u?
3
Suppose 26 = -3*k + 5*k. Let w be (-1)/(2/(-182)*1). What is the greatest common divisor of w and k?
13
Suppose -7*o - 30 = -12*o. Calculate the greatest common factor of o and 9.
3
Suppose 2*l - 84 = -3*f, 7*l + 3*f + 60 = 9*l. What is the greatest common divisor of 4 and l?
4
Let l be 0/(-1) + 2 - -172. Suppose 4*x - 3*r - l = -r, 0 = -2*x